der when 26 is divided by v?
1
Suppose -11089 - 2135 = -38*y. What is the remainder when y is divided by 73?
56
Suppose -3*a = -0*a - 288. What is the remainder when (29926/(-13))/((-5 - -3) + -7 - -7) is divided by a?
95
Let i = -840 - -3775. Calculate the remainder when i is divided by 49.
44
Let l(i) = 79*i**2 + 5*i - 154. What is the remainder when l(8) is divided by 115?
112
Let n(i) be the third derivative of 0 + 16*i**2 + 1/6*i**3 + 0*i - 19/120*i**6 + 0*i**4 - 1/30*i**5. Calculate the remainder when 67 is divided by n(-1).
13
Let v(f) = 5*f + 11. Let k = 87 - 84. Let w = 44 + -30. Calculate the remainder when v(k) is divided by w.
12
Suppose 7*j - 100 = -2*u + 3*j, 100 = 3*u - 4*j. Calculate the remainder when 123 is divided by (2 + -8)*u/(-16).
3
Suppose -29*w - 4430 = -37*w - 2*z, -5*z + 15 = 0. Calculate the remainder when w is divided by 113.
101
Suppose -2*m + 4*u + 60 = 0, 1348*m - 1352*m - 5*u = -159. Calculate the remainder when 107 is divided by m.
35
Let m be (-9)/(-9)*(-3 - (-1 - 2)). Suppose -60*v + 65*v - 50 = m. What is the remainder when ((-86)/4 + 2)*-4 is divided by v?
8
Let t = 13985 + -12340. Calculate the remainder when t is divided by 1645.
0
Suppose 1206 = 107*x - 1362. Calculate the remainder when 654 is divided by x.
6
Suppose 157*r - 155*r - 1494 = 0. Suppose 0 = 24*k - r - 117. What is the remainder when 44 is divided by k?
8
Let y(w) be the second derivative of w**4/12 + w**3/2 - 9*w**2/2 - 55*w. Calculate the remainder when y(-12) is divided by 50.
49
Let h = 3765 - 3333. Calculate the remainder when 1299 is divided by h.
3
Suppose 3*q + 5*f = 109, f - 68 = -q - q. Let n = -233937 + 234015. What is the remainder when n is divided by q?
12
Let z be 4/((-16)/12) - (2 + -9). Suppose 0 = -0*f - z*f + 2*v + 348, -5*v = -2*f + 182. What is the remainder when f is divided by 18?
14
Suppose 84 - 34 = -y. Let r = y - -56. What is the remainder when (76/6)/(4/r) - 3 is divided by 9?
7
Suppose -11*w + 39 = -8*w. What is the remainder when w is divided by (-6 + 7 - (-3 - 2)) + -2?
1
Let v(r) be the first derivative of -25*r**2/2 + 28*r + 12. Calculate the remainder when v(-2) is divided by 10.
8
Suppose -59 = -3*a + 4*n - 3, -5*a + 3*n + 97 = 0. Let s(o) = a*o + 14*o**2 + 3 - 12 - 11 - o**3 - 6. Calculate the remainder when s(15) is divided by 13.
10
Let u = 13 + -10. Suppose -u*p - 13 + 73 = 0. Suppose -5*f - 4*m = m - p, -2*f + m + 23 = 0. Calculate the remainder when f is divided by 2.
1
Suppose 3*g + 12 = -5*a, -3*g + 3*a - 54 = 2*g. Let b(i) = -5*i - 10. Let x be b(g). Calculate the remainder when 37 is divided by 10/x + (-288)/(-21).
9
Let l = 150736 + -150686. What is the remainder when ((-2)/(-4))/((-2)/(-260)) is divided by l?
15
Suppose 4*w = -4*a + 108, a - 133 = -5*w - 2*a. Let d = 376 + -304. Calculate the remainder when d is divided by w.
20
Let h be ((-9)/27)/((-4)/(-24)). What is the remainder when 135/(-12)*12*(-3 - h) is divided by 42?
9
Suppose 110 = 5*n + 2*x + 45, -2*x + 32 = 2*n. Suppose -4*s + 3*y + 102 = -2*y, 3*s = 4*y + 76. Calculate the remainder when s is divided by n.
6
Let j(x) = 2*x**2 + 9*x - 335. Calculate the remainder when j(-45) is divided by 138.
136
Let m = 475041 + -475038. Let q(w) = -3*w. What is the remainder when q(-2) is divided by m?
0
Let c(y) = y**2 + 75*y + 718. Calculate the remainder when 1107 is divided by c(-66).
115
Let j = 62 + -50. Let f(t) = -3*t**2 - 3*t - t**2 - t**2 - 8 - t**3. What is the remainder when f(-6) is divided by j?
10
Let c(j) = j + 129. Let n(m) = -65. Let b(z) = 4*c(z) + 9*n(z). Calculate the remainder when 15 is divided by b(19).
1
What is the remainder when 1319 is divided by (221/(-4))/((-17)/68)?
214
Suppose -124*r + 76942 + 135459 = 9*r. What is the remainder when r is divided by 200?
197
Suppose 2*g = 542 + 200. Let v(a) = -102*a**3 - 2041*a**2 - 24*a - 18. Calculate the remainder when g is divided by v(-20).
61
Let u(p) be the first derivative of -6*p**2 - 57*p - 29. Calculate the remainder when u(-13) is divided by 21.
15
Suppose 3 = b, 21*b - 16*b - 385 = -5*j. Suppose -51*d + j*d = 276. Let z(l) = 11*l. What is the remainder when z(2) is divided by d?
10
Suppose -36 = -4*b + 15*a - 11*a, 0 = 4*b + 4*a + 4. Calculate the remainder when 163/b + (-20)/(-80) is divided by 18.
5
Let b(c) = -c**3 + 11*c**2 + 78*c - 672. Suppose 0 = -v + 8. Let y(o) = -o + 12. What is the remainder when y(v) is divided by b(13)?
0
Let g(x) = -x**3 + 16*x**2 - 164*x - 3540. What is the remainder when g(-21) is divided by 78?
75
Let v(g) = g**2 - 11*g + 57. Let s be v(6). What is the remainder when (117 + s)*1/3 is divided by 2?
0
Suppose -3*w - 48*w + 24370 = -82628. What is the remainder when w is divided by 6?
4
Let n(i) = i**2 + 12*i + 55. Calculate the remainder when 1708 is divided by n(-11).
36
Let p be (-12)/(-3) + -3*(-60)/9. What is the remainder when ((p/2)/(-12))/(2/(-284)) is divided by 18?
16
Let l = -35167 - -36794. Calculate the remainder when l is divided by 16.
11
Suppose -143*p - 7148 = -147*p - 4*d, 2*d + 8907 = 5*p. Calculate the remainder when p is divided by 105.
103
Let y = -2030 - -2038. Let z(m) = -m**3 - m**2 + 3*m - 3. Let h be z(-3). Suppose a - h*a + 115 = 0. What is the remainder when a is divided by y?
7
Let u(h) = h**2 - 6*h + 2. Suppose 5*q + 3*w - 8 + 3 = 0, -4*w = -20. Calculate the remainder when 52 is divided by u(q).
16
Let h(d) = 30*d + 120. Let c be h(-4). Suppose c*x - 26*x = -104. Calculate the remainder when x is divided by (1/(-2))/((-2)/4).
0
Let w(d) = -3*d**2 + 11*d - 22. Let q(o) = 2*o**2 - 11*o + 21. Let s(b) = -5*q(b) - 4*w(b). What is the remainder when 19 is divided by s(-7)?
3
Let j be 4/(-10) + (-934)/(-10). Let x = 758 - 647. Let t = x - j. Calculate the remainder when 86 is divided by t.
14
Suppose -33*p - 9*p + 692 + 610 = 0. Calculate the remainder when p is divided by 30.
1
Let l(x) = 5*x**2 - 26*x + 44. What is the remainder when 1095 is divided by l(3)?
6
Suppose 10*m - 17 = -17. Suppose m = -2*v + 2, -3*v + 104 = 2*l - 5*v. What is the remainder when l is divided by 7?
4
Let n(t) = -475*t - 5919. Calculate the remainder when 2200 is divided by n(-14).
7
Let r(q) = 13*q - 90. What is the remainder when r(17) is divided by 18/15*270/12?
23
Let b(h) = 39*h**2 + 3*h + 11. Let o be b(4). Suppose 3*v - 5*u - o = 245, -2*v - 5*u = -578. Calculate the remainder when v is divided by 59.
58
Suppose -9*o = -95 - 103. Suppose -3*i + 888 = 2*q, 3*q + 896 = 5*q + 5*i. What is the remainder when q is divided by o?
20
Suppose w = f, 0 = 3*w + 5*f - 3*f. Suppose w*q = -4*q + 168. Calculate the remainder when q is divided by 65/6 + (-220)/(-1320).
9
Suppose 24*x - 26*x = 0. Suppose -3*i + 3*c = -117, -2*i - 2*c = -x*i - 98. Suppose 2*a - i = -0*a. Calculate the remainder when a is divided by 8.
6
Let j(l) = 4*l**2 - 49*l + 97. Let o(y) = 11*y**2 - y - 1. What is the remainder when o(3) is divided by j(11)?
11
Let r(d) = -d**2 + 16*d - 27. Let v be r(10). Let a be (0 - -4)*15 - v/(-33). Let k = -42 + a. Calculate the remainder when k is divided by 5.
4
Calculate the remainder when 1254 is divided by 208/3 - (72/(-27) + 2).
64
Suppose 5*y - 4*a = 17, 4*y - 2*a + a = 18. Suppose 3*i - y*i + 12 = 0. What is the remainder when 40/(-1 + 9) - -6 is divided by i?
5
Let l = 217191 - 217151. Let q(u) = 3*u**3 + 3*u**2 - 2. Let d be q(4). Let y = d - 120. Calculate the remainder when y is divided by l.
38
Let m(r) = 5*r**2 - 2*r - 168. Calculate the remainder when 524 is divided by m(-9).
14
Calculate the remainder when (-664560)/(-28) + -2 + (40/14)/(-10) is divided by 27.
26
Let v(g) = 3*g**3 + 435*g**2 - 441*g - 399. Suppose 6*b - 4*c - 60 = 3*b, -2*c - 40 = -2*b. What is the remainder when v(-146) is divided by b?
19
Suppose -132*c - 2928 = -135*c. Suppose -p - 2*f = 4*p - c, 4 = -2*f. Calculate the remainder when p is divided by 16.
4
Let o be (5772/16)/13 + (-2)/(-8). Suppose -14*b + 4*i = -12*b - o, 4*b = -2*i + 66. What is the remainder when 184/6 - (-2)/6 is divided by b?
15
Let o = 820 - 814. Calculate the remainder when 405 is divided by o.
3
Suppose -1694*k - 36 = -1695*k + 4*g, 0 = -4*k - 2*g + 36. What is the remainder when 16 is divided by k?
4
Let j(x) = -18*x**2 - x + 5. Let y be j(2). Let h = y + 69. Suppose